. Calculate g(2).
40
Suppose 42 = 2*k - 3*z, 5*k - 101 = 5*z + 4. Suppose -5*v = 14 + k. Let i(r) = 2*r + 3. Determine i(v).
-11
Let o(f) = f + 12. Let q be o(-11). Suppose -2*w = 5*h - 27, 3*h - 5*w - 9 = q. Let c(b) = 2 - b - h + 3 - 1. Determine c(-3).
2
Suppose 50*v - 51 = 4*z + 53*v, 13 = -2*z + v. Let k(o) = 7*o + 9. Give k(z).
-54
Let q(h) be the second derivative of h**3/6 + h**2 + 26*h + 2. Determine q(0).
2
Let s = 13 + -17. Let j(c) be the third derivative of c**4/8 + c**3/2 + 8*c**2. Determine j(s).
-9
Let t(o) = 672*o**2 + 670*o**2 - 5 - 1343*o**2 + 8*o. Calculate t(6).
7
Suppose -16*l + 18*l - 10 = 0. Let z(q) = -5 + 7 - 6*q**2 - l*q - 4 - q**3 + 6. Determine z(-4).
-8
Suppose 0 = 4*u - u - 9. Suppose -u*o + 34 - 13 = 0. Let m(b) = -b**3 + 7*b**2 + 2*b - 2. Determine m(o).
12
Let x(u) = u + 2. Let j be x(-8). Suppose -z = -4*z. Let t(l) = -2 + z - 1 - l - 1. Calculate t(j).
2
Let d(g) = -5*g**2 - 19*g + 7. Let z(h) = -h**2 - h + 1. Let q(w) = -d(w) + 6*z(w). Calculate q(9).
35
Let v(g) be the third derivative of g**5/60 + 5*g**4/12 + g**3 + 69*g**2 + 2. Calculate v(-7).
-15
Let p(j) be the third derivative of 4*j**2 - 1/120*j**5 + 0 - j**3 + 0*j - 7/24*j**4. Let h(n) be the first derivative of p(n). Calculate h(-5).
-2
Suppose -12*x + 11*x = -5. Suppose 2*i + 2*i = 16. Let r(s) = 3*s + 2 + i - 2*s - 5. Calculate r(x).
6
Let s(j) be the first derivative of -1/2*j**2 + 12 + 0*j. Give s(4).
-4
Let j(h) be the third derivative of -1/40*h**6 + 0*h**4 + h**3 + 0 - 5*h**2 + 0*h + 1/120*h**5. Let d(x) be the first derivative of j(x). Give d(1).
-8
Let x(a) = a**2 + 6*a + 3. Let d be (-2)/(-6) + (-718)/(-6). Let u be 21*((-64)/d - (-2)/10). Calculate x(u).
10
Let i(j) = -j**3 - 8*j**2 - 3*j + 21. Let k be i(-7). Suppose 5*l = 4*l + 7. Let u(s) = -7 + l*s**2 + s + 0*s - 2*s + s**3. Calculate u(k).
0
Suppose -38*v + 76*v - 114 = 0. Let m(a) be the third derivative of a**6/120 - a**4/8 - a**3/3 - a**2. Calculate m(v).
16
Suppose -3*n = 2*n + 15. Let v = 3 + n. Let y(f) = f**2 + f - 5. Let d be y(v). Let q(a) = -2*a - 6. Calculate q(d).
4
Suppose 3*w = -4*z + 8*w + 65, -w = 5. Let p = z - 12. Let x(n) = n + 2. Calculate x(p).
0
Let r(u) = 6*u**2 + 10*u - 1. Let l(q) = -q**2 - q. Let a(j) = 5*l(j) + r(j). What is a(-5)?
-1
Let n be 4/18 + 114/(-27). Let s(g) = -3*g + 3*g**2 - 3*g + 4 + 3*g + g**3. Determine s(n).
0
Let i be 2/(((-5)/2)/(-5)). Suppose -i + 2 = z. Let l(k) = -k**2 - k + 0*k**2 + 5*k**2 + 2 + 5*k. Give l(z).
10
Let t = -13 - -16. Let r(u) = -3*u**3 + 3*u**t + 7 - 5*u**2 + 2*u**3 - 3*u - u**3. What is r(5)?
-8
Let f = -922 - -925. Let q(c) = -3*c**2 - 2*c + 4. Determine q(f).
-29
Suppose -12*n + 2*n = 390. Let s = -34 - n. Let w(l) = -l**2 + 7*l - 5. What is w(s)?
5
Let i(h) = h**2 - 10*h + 16. Let y be i(8). Suppose -3*b + 5*l + 19 = 0, 2*b = -y*l - 4*l - 2. Let v(p) = 7*p - 14*p + p**b - 6*p**2 + 9*p + 6. What is v(5)?
-9
Suppose -23*f + 19*f = -8. Let c(t) = -4*t**f - 2*t**3 - 4*t + 2 + 2*t + 9*t**2 - 2*t. Determine c(3).
-19
Let h(q) = -2*q - 4. Let n = -8 - -10. Suppose -5*p + 10*p + 4*g = -24, -n*p + 5*g = 3. What is h(p)?
4
Let d(k) = 11*k**2 + 7*k + 3. Let f(v) = 17*v**2 + 11*v + 5. Let g(h) = -8*d(h) + 5*f(h). Calculate g(2).
-13
Let l = 5 - 1. Let u(n) be the third derivative of -n**4/24 + 2*n**2. Let h(a) = 6*a - 5. Let p(x) = -h(x) - 5*u(x). What is p(l)?
1
Suppose b = -b + 12. Let a(d) = 0 - 4*d + 12 - 11 + 3. Calculate a(b).
-20
Let i(t) = 7*t**2 - 20*t + 28. Let j(o) = o**2 - o. Let s(v) = i(v) - 6*j(v). Let z be s(12). Let a(r) = 3*r + 1. Calculate a(z).
13
Let z be (16/6)/8*(1 + -1). Let a(l) = l**3 + l**2 - l - 1. Determine a(z).
-1
Let l(m) = -104415*m**3 + 2 - 3*m + 2 + 5*m**2 + 104414*m**3. Calculate l(4).
8
Let p = -3 - -1. Let s(l) be the first derivative of -1/2*l**4 - l**3 - 8 + 1/2*l**2 + 2*l. Calculate s(p).
4
Let l(j) = 7*j**3 + 6*j + 18. Let m(y) = y**3 + y + 4. Let v(r) = -l(r) + 5*m(r). What is v(1)?
-1
Let r(m) = -3*m + 23. Let u be r(7). Let j(z) = -u*z + 2*z - z + 14 - 26. Give j(-5).
-7
Suppose 3*f + 77 = 4*i + 17, 45 = 3*i + 5*f. Let w(n) = n**3 - 16*n**2 + 16*n - 15. Determine w(i).
0
Let o be -1 - 0 - (5 + -8). Let h(a) be the first derivative of a**4/2 - a**3 + a**2/2 - a - 1. What is h(o)?
5
Let l(r) = r**2 - 47*r + 169. Let g be l(43). Let u(z) = 2*z - 1. Give u(g).
-7
Let j(b) = -b**3 - 6*b**2 - 8*b - 9. Let y be j(-5). Let a = y + 0. Let s be 4 + -1 + -7 + a. Let r(l) = -2*l - 2. Give r(s).
-6
Let u(h) = h + 235. Let n be u(0). Suppose -3*w - 5*c = -175, 2*w = 2*c + n - 97. Let b(a) = 0*a + 7*a**2 - 69 + w - a**3 - 4*a. Determine b(6).
8
Let g(h) = 8 - 35 - h + 13 + 11 - 2*h. What is g(-4)?
9
Let o(h) = -6*h + 22. Let f = -383 - -388. What is o(f)?
-8
Let c(n) = -n**3 - 4*n**2 - 2*n - 7. Let m(x) = 2*x**3 + 8*x**2 + 4*x + 15. Let i(g) = -13*c(g) - 6*m(g). What is i(-4)?
-7
Let p(m) = 8*m + 5. Let l(n) = n. Let t = -13 - -12. Let s(d) = t*p(d) + 6*l(d). Let f(w) = w. Let c(o) = -3*f(o) - s(o). Determine c(0).
5
Let l be 16/((28/6)/(-7)). Let y be (-4)/(-10) + l/(-15). Let r be y/((4 + -7)/3). Let x(s) = -3*s + 2. Determine x(r).
8
Let p(s) = -3*s + 7. Let c(a) = -a**2 - 12*a - 27. Let z be c(-8). Give p(z).
-8
Let x be 5 - (-4)/(-2) - 2. Suppose 0 = -2*l + x + 1. Let y(h) = h**2 - h. Determine y(l).
0
Suppose 0 = -3*x - 5*w - 4, -3*w = 2*x - w. Suppose -2*j - 6 = -x*d + 6, 5*d = -2*j + 16. Let c(l) = -3*l + 5. Give c(d).
-7
Suppose -5*v = 10, -4*v + 1 - 19 = -2*t. Let y be (-6)/t*10/(-3). Let k(x) = 2*x - 6*x - y*x + 6*x. Give k(-1).
2
Let s(b) = 16*b**3 - 5*b + 27. Let g(d) = 4*d**3 - d + 6. Let u(c) = 9*g(c) - 2*s(c). Calculate u(-2).
-34
Let y(t) = -9*t - 7. Let l(u) = u**2 + 35*u + 63. Let p be l(-33). Calculate y(p).
20
Let f = 26 - 15. Suppose 1 = -2*l + f. Let j(r) = 40*r**2 - 44*r**2 - r - 5*r + r**3 + 4. Give j(l).
-1
Let u(w) = -w**2 + 2*w. Let j(b) = -b**3 - b**2 + 4. Let f be j(0). Suppose -3*k + 4 = -o, -k - 2 = f*o - o. Let h be (2/(-3))/(k/(-6)). Give u(h).
-8
Suppose 4*p + 0*p = -2*f + 8, f - 4 = 0. Let r(w) = -5 + 0 + 4. Let b(u) = u**3 + u**2 + u + 9. Let o(n) = -b(n) - r(n). What is o(p)?
-8
Let c(w) = 2*w + 2 + 3*w - 3*w - 3*w**2. Let d be ((-4)/(-34) - 192/(-102))/1. Give c(d).
-6
Let t(a) be the first derivative of a**3/3 - a**2 - 2*a + 1165. Suppose 2*s - 7 + 1 = 0. Give t(s).
1
Let a(h) = h**2 + 6*h + 6. Let g(i) = 3*i**2 + 14*i + 5. Let b be g(-4). Calculate a(b).
-3
Let y(f) be the second derivative of -f**5/20 + 7*f**4/12 - 4*f**3/3 + f**2/2 - 61*f + 3. Suppose v + 2 = 4*c, -4*v = -3*v + 2*c - 10. Calculate y(v).
-11
Suppose -2*l - 5 = -4*r - 15, -2*l = 4*r + 30. Let g = r - -10. Let k = g + -6. Let b(u) = -u**2 - 2*u - 1. Give b(k).
0
Let t(q) = -q**3 + 4*q**2 - 2. Suppose -7*l - 7 = 7. Let o(j) = j**3 + 3*j**2 - 2*j - 4. Let p be o(l). Determine t(p).
-2
Let s(g) be the first derivative of g**2/2 - 7*g + 285. Give s(3).
-4
Let r = 19 - 13. Suppose 2*a = -2*x + 12, 0*a + 26 = 3*x - 5*a. Let c(s) = -9*s + 4 + x*s + 0*s. What is c(r)?
-8
Let u(y) = -y - 6. Let n = 21 - 18. Suppose -b - b - 22 = 4*f, -5*f = n*b + 28. Determine u(f).
-1
Let z(n) = -1. Let m(k) = 10*k + 4. Let h(o) = m(o) + 3*z(o). Let t(y) = -10*y - 1. Let b(w) = 5*h(w) + 4*t(w). Give b(1).
11
Let w(u) = -15*u**3 - 38*u**2 - u - 15. Let t(m) = 7*m**3 + 18*m**2 + 8. Let d(j) = -13*t(j) - 6*w(j). What is d(-7)?
-7
Let m(q) = 226 - 2*q**2 - 233 - 4*q + 5*q + 5*q**2 + 5*q. Give m(-3).
2
Suppose -4*l - 6 = -n, n + 3 - 4 = -l. Let v(p) = 8*p**2 + p. Give v(l).
7
Let t be (-5)/45*2 + (-850)/(-18). Let d = t - 38. Let y(k) = -k**3 + 9*k**2 - 7. Calculate y(d).
-7
Let u(g) = -g**2 - 3*g + 4. Suppose 11 = -r - 5. Let b = 27 + r. Suppose -b = -2*c - 5. What is u(c)?
-14
Let s(g) = g**2 + 6*g + 12. Let a be s(-2). Let c(w) = w - 13. Give c(a).
-9
Suppose 8*k = -3*k + 33. Let c(q) = -q**3 + 3*q**2 + 4*q - 4. Determine c(k).
8
Let r(t) = -t**3 - 7*t**2 - 5*t + 7. Suppose -4*z + 9 - 1 = 0. Let q be (-1)/z*(4 + 8). What is r(q)?
1
Let q(i) = 3*i**3 - i**2 - 6*i + 5. Let o(z) = -14*z**3 + 5*z**2 + 28*z - 23. Let v(l) = -4*o(l) - 19*q(l). Determine v(3).
-33
Let o(t) = 2*t**3 - t**2 + 2*t - 1. Let m(w) = w**3 - 3*w**2 + w - 6. Let p be m(5). Let y = 50 - p. Give o(y).
2
Let x(h) = -h**3 - 2*h**2 + 8*h + 4. Let f